List the prime factors of 3/(-1) - (t - -7).
37
Let l(y) = 179*y**2 + 5*y - 3. Let s(p) = -p**2 - 9*p + 11. Let c be s(-10). What are the prime factors of l(c)?
181
Suppose 4*v = -a + 14, 4*v - 4*a - 32 = -8. Suppose v*z - 69 = 5*b + 14, -5*b - 17 = -z. List the prime factors of z.
2, 11
Let k(a) = -a**2 + 14*a - 11. Let b be k(13). Suppose -c = b*c + 39. Let x = 19 + c. List the prime factors of x.
2, 3
Let k(g) = -g**3 - 37*g**2 - 69*g + 44. What are the prime factors of k(-35)?
3
List the prime factors of -3 + ((-126)/8)/(8/(-224)).
2, 3, 73
Let i(m) = m**3 - 3*m**2 - 6*m + 6. Let q be i(3). What are the prime factors of ((-4)/(-30) - q/(-15))*-387?
2, 3, 43
Suppose 0 = -3*a - 8 + 14. Let s(r) = 4*r**3 - 3*r**2 + r - 2. Let g be s(a). Let h = g - -42. List the prime factors of h.
2, 31
Suppose 0 = p - 4*p - 3, -2087 = -l - 5*p. List the prime factors of l.
2, 523
Let x(l) = -2*l - 6*l - l**2 - 2 + 9. Let v be -1*(0 - 35/(-5)). What are the prime factors of x(v)?
2, 7
Let o = 10 - 10. Suppose 0 = -2*p - 5*t + 85, -88 = -2*p - 2*t - o*t. List the prime factors of p.
3, 5
Let s = -5 + 7. Suppose 5*o - 6 = s*o. Suppose v - 17 = -4*v + o*p, 5*v + 4*p - 11 = 0. List the prime factors of v.
3
Suppose 0 = t - 9*t + 24. Suppose -12*n + t*n + 162 = 0. What are the prime factors of n?
2, 3
Let t(h) = 1629*h**3 + 20*h - 19. What are the prime factors of t(1)?
2, 5, 163
Let h = 1229 + 1084. What are the prime factors of h?
3, 257
Let p = 1077 + -113. What are the prime factors of p?
2, 241
Let w(f) be the third derivative of f**6/120 + f**5/12 - f**4/4 - 5*f**3/6 + 5*f**2. Let g be w(-6). What are the prime factors of (g - -3) + (54 - 3)?
7
Suppose -5*t + d + 3*d = -40, 2*d - 6 = -4*t. Suppose 3 = t*w - 1. List the prime factors of w + (28 - (1 + -1)).
29
Let s(n) = n**3 + 22*n**2 - 27*n + 32. What are the prime factors of s(-23)?
2, 31
Let i be 27*(3 - 29/3). Let a be ((-4)/3)/((-8)/i). List the prime factors of (-4)/30 + (-274)/a.
3
Suppose -2*j + 6 = -4*j. Let b be (-2 - -6) + (-117)/j. Let x = b + -24. List the prime factors of x.
19
Let u = 983 - 398. What are the prime factors of u?
3, 5, 13
Let x = -14 - -18. Suppose -x*u + 3*y = -1046, 2*u + 4*y - 135 = 377. What are the prime factors of u?
2, 5, 13
Let m(f) be the second derivative of -f**5/20 + f**3/6 + 14*f**2 - f. Suppose 0 = 8*p + 19 - 19. What are the prime factors of m(p)?
2, 7
Let x(p) = -6*p**2 - 39*p - 1. Let n be x(-7). What are the prime factors of 27837/99 - (-1 - 26/n)?
281
Let y(l) = 313*l**2 - 3*l - 3. What are the prime factors of y(1)?
307
Suppose 2*b - 18 = -4*q, q - 15 = -3*b - 3. Suppose -2*m + m + b = 0. Suppose -5*j + 118 = -3*t, m*j - 8 - 56 = -5*t. What are the prime factors of j?
23
Let a(t) = -t**3 + t**2 - t + 1. Let s(k) = 6*k**3 - 7*k**2 + 13*k - 14. Let m(z) = 5*a(z) + s(z). List the prime factors of m(4).
5, 11
Suppose 9*j - 4*j = 20. Suppose -j*g = -5*c + 1101, -4*c + 3*g + 229 = -3*c. List the prime factors of c.
7, 31
Let v = 4 - -3. Let a = v + -13. What are the prime factors of 3/6*a + 11?
2
Suppose 5*d - m - 29 = 0, 2*m + 7 = -4*d + 19. Suppose -3*a = -a + d*g + 156, -3*g + 312 = -4*a. Let i = -51 - a. List the prime factors of i.
3
Let a(g) = 23*g + 4. Let y(t) = -70*t - 11. Let w(i) = 17*a(i) + 6*y(i). What are the prime factors of w(-3)?
89
Suppose -12*n + 298 = -11*n + 3*k, -2*k = -8. List the prime factors of n.
2, 11, 13
Let w(t) = -t**3 + 18*t**2 - 6*t + 11. List the prime factors of w(11).
2, 3, 11
Let d(l) = 2*l**2 - 41*l + 131. What are the prime factors of d(36)?
29, 43
Suppose 0 = -7*i + 575 + 594. What are the prime factors of i?
167
Suppose 10 = 5*g - 4*b - 11, -11 = -2*g - b. Suppose g = 3*j + 2. Suppose -3*d + 8 = 2*z - 3*z, 2*z = 3*d - j. What are the prime factors of z?
7
Let l = -326 - -558. Suppose l - 10 = 3*p. Let f = p + -52. What are the prime factors of f?
2, 11
What are the prime factors of (-10 + 68)/(((-8)/43)/(-4))?
29, 43
Let z = 19 - 25. List the prime factors of z*7/((-56)/12).
3
Let k(w) = -3*w**2 - 22*w + 12. Let x be k(-8). Let o(b) = -8*b - 16. Let f(r) = 7*r + 15. Let q(v) = -3*f(v) - 2*o(v). What are the prime factors of q(x)?
7
Let c be (-1 - (0 + 295))*(-10)/20. Let x = -89 + c. What are the prime factors of x?
59
Let v(n) = -n**3 + 14*n**2 + 2. Let i be v(14). Suppose t + 299 = 4*m, 5*m = -4*t + i*t + 364. List the prime factors of m.
2, 37
Suppose -2*o = o - 96. Let s = o + 80. What are the prime factors of s?
2, 7
Let t(r) = -r + 11. Let f be t(6). Suppose 3*z = -2*u + 297, 116 = 3*z - 2*z - f*u. What are the prime factors of z?
101
Let m(q) = -5*q + 55. Let h be 1/2*(3 + (0 - 29)). List the prime factors of m(h).
2, 3, 5
Let g = -214 + 974. What are the prime factors of g?
2, 5, 19
Let k(u) = 10*u**3 + 8*u**2 - u - 7. List the prime factors of k(3).
2, 83
Suppose 4635 = 18*k - 10845. What are the prime factors of k?
2, 5, 43
Let a(r) = -r**2 - 58*r - 105. Let g be a(-57). Let h be 2/((2/(-43))/2). Let v = g - h. What are the prime factors of v?
2, 19
Suppose 0 = 3*u + k + 5, -3*u + k + 3 = -5*u. Let m = u - -5. What are the prime factors of m?
3
Suppose 5*a = 4*x - 6667, 4*x + 2*a - 2509 = 4137. What are the prime factors of x?
1663
Let t = -92 + 95. Suppose 3*h + t*a - 52 = -2*a, -h - 16 = -5*a. List the prime factors of h.
3
Let y be (28 - 2)*(1 + 0). Let n = -24 + y. Suppose -2*l + 2*d = -6*l + 126, -30 = -l - n*d. What are the prime factors of l?
2
Let w = 10 - 9. Let b = w + 26. List the prime factors of b.
3
Let g = -46 - -130. Suppose -4*c - 12 + g = 0. What are the prime factors of c?
2, 3
Let i(c) = -c**3 - 3*c**2 + 4*c + 5. Let q be (-2)/(3 - 20/8). Let j be i(q). Suppose 4*o + 194 - 40 = j*a, a - 4*o = 18. What are the prime factors of a?
2, 17
Let i be (0 - (0 - -2)) + 33. Suppose i*b = 35*b - 732. What are the prime factors of b?
3, 61
Let g(m) = 13*m**2 + 3*m + 2. Let v(z) = -z**3 - 9*z**2 - 6*z + 14. Let u be v(-8). List the prime factors of g(u).
2, 3
Suppose 3*f + 1629 = -0*i + 3*i, 2*i - 4*f - 1088 = 0. What are the prime factors of i?
2, 271
Let d(j) = j**3 - 29*j**2 + 8*j - 15. List the prime factors of d(29).
7, 31
Let b(l) = 19*l**2 - 4*l + 2. Let p be b(2). Suppose 18*n - p = 13*n. List the prime factors of n.
2, 7
Suppose -3*k + 2*k = 15. What are the prime factors of 2*33*(-5)/k?
2, 11
Let c(n) = n**2 - 13*n. Let y be c(13). Suppose y = 2*u - 5*p - 0 - 5, -4*u = -4*p - 28. Let r(m) = 3*m + 4. List the prime factors of r(u).
2, 17
Let w(u) = -9*u - 5. Suppose -4*m - 2*t - 20 = 0, -3*m + 2*m - 4*t = -9. What are the prime factors of w(m)?
2, 29
Let d be 3 + -3 + 3 - -3. Suppose -d*h + 73 = -71. Suppose 2*m = 5*m - h. What are the prime factors of m?
2
Suppose -270*u = -266*u - 19356. What are the prime factors of u?
3, 1613
Let z(q) = -q**2 + 2 - 2 - 3 + 14*q. List the prime factors of z(11).
2, 3, 5
Let o(t) = t**3 + 10*t**2 + 10. Let q = 15 - 25. Let i be o(q). Suppose -170 + i = -4*r. What are the prime factors of r?
2, 5
Let y = 2731 + -1852. What are the prime factors of y?
3, 293
Suppose -2*y + 1431 = -999. List the prime factors of y.
3, 5
Let g(v) = -v**2 - v + 4. Let p be g(0). Suppose 4*b + p*i = 3*i + 80, 3*b = -4*i + 73. List the prime factors of b.
19
Let w(h) = 4*h**2 - 6 - 10 - 4*h + 4 - 3*h**2. What are the prime factors of w(-5)?
3, 11
Let f = 46 - 50. What are the prime factors of (17 + f/(-4))*(-20)/(-6)?
2, 3, 5
Let r(a) be the first derivative of a**2 + 21*a - 1. Suppose 25*f = -17*f + 420. List the prime factors of r(f).
41
List the prime factors of -86 + 2052 + 3/1.
11, 179
Suppose -207 = -a + 4*z, z - 733 = -4*a - 2*z. What are the prime factors of a?
11, 17
Suppose 2*j - 19 = 3*u - 0*j, -j = 5*u + 36. What are the prime factors of (-1024)/u - (-5)/((-35)/2)?
2, 73
Suppose 5*u = 3*u + n + 1131, -5*u - 3*n = -2811. Suppose 0 = -6*m + 60 + u. What are the prime factors of m?
2, 13
Let x(o) = 38*o**2 - 29*o - 125. What are the prime factors of x(-5)?
2, 5, 97
Let l = 3809 - -88. What are the prime factors of l?
3, 433
Let f = 36 + 12. Let j = -31 + f. List the prime factors of j.
17
Let b(q) be the first derivative of 3*q**4/4 - 3*q**2/2 + 3*q - 6. Let d be b(2). Suppose d = -s + 58. List the prime factors of s.
37
Let u = 850 - 452. What are the prime factors of u?
